37693 a multiple of 69?
False
Is 379377471 a multiple of 1523?
False
Does 37 divide 279693434?
True
Is 912 a factor of 6418656?
True
Is 468002652 a multiple of 156?
True
Is 44 a factor of 96050548?
True
Does 8767 divide 1378649343?
False
Does 76 divide 4227196?
True
Does 6 divide 19728576?
True
Is 19 a factor of 464355136?
True
Is 37 a factor of 813629963?
True
Is 877078 a multiple of 13?
False
Is 16 a factor of 2012860?
False
Is 579963410 a multiple of 20?
False
Is 13 a factor of 76777702?
False
Is 74 a factor of 266384758?
False
Is 108 a factor of 308407990?
False
Does 180 divide 41166392?
False
Is 28 a factor of 8473122?
False
Is 133918279 a multiple of 20?
False
Does 122 divide 7877662?
True
Is 729 a factor of 26332699?
False
Is 17 a factor of 94467317?
True
Is 17294414 a multiple of 2477?
True
Is 350691210 a multiple of 15?
True
Does 186 divide 22148517?
False
Is 333804 a multiple of 181?
False
Is 43 a factor of 118549449?
False
Does 7 divide 24531234?
True
Does 131 divide 190650981?
True
Does 31 divide 91200853?
True
Is 1003 a factor of 2010012?
True
Is 9 a factor of 46964214?
True
Is 9557030 a multiple of 70?
True
Is 47481789 a multiple of 10?
False
Is 1007567501 a multiple of 51?
False
Is 33 a factor of 16110126?
False
Is 9 a factor of 516186870?
False
Is 1321275 a multiple of 12?
False
Is 143693470 a multiple of 21?
False
Is 435407632 a multiple of 22?
True
Is 185189664 a multiple of 44?
True
Is 451700801 a multiple of 149?
True
Is 262180842 a multiple of 34?
False
Does 16 divide 45478800?
True
Does 131 divide 108303464?
True
Is 1826156094 a multiple of 47?
False
Is 13 a factor of 26421304?
True
Is 299 a factor of 204225372?
True
Is 1195620286 a multiple of 2779?
True
Does 158 divide 89619?
False
Does 10 divide 847491705?
False
Is 11106360 a multiple of 30?
True
Is 590515001 a multiple of 6?
False
Is 1344891277 a multiple of 973?
False
Does 308 divide 102366880?
True
Does 2846 divide 339157820?
True
Is 131167160 a multiple of 125?
False
Is 162 a factor of 522813325?
False
Is 57486660 a multiple of 44?
True
Does 2552 divide 20611552?
False
Does 197 divide 296340993?
True
Is 214014745 a multiple of 1334?
False
Is 257 a factor of 53206967?
True
Is 546 a factor of 1665970354?
False
Is 2419529923 a multiple of 201?
False
Does 1805 divide 5922205?
True
Does 6 divide 3068178?
True
Does 293 divide 3239379718?
False
Is 18 a factor of 94711356?
True
Is 27331767 a multiple of 2?
False
Does 3 divide 810785293?
False
Is 58795200 a multiple of 270?
True
Is 1743 a factor of 155380246?
False
Does 3138 divide 58215773?
False
Does 53 divide 3734854?
False
Is 199919359 a multiple of 698?
False
Is 1651 a factor of 128608377?
False
Is 183886458 a multiple of 25?
False
Does 11 divide 1252009?
True
Does 6 divide 21994027?
False
Is 20 a factor of 126528481?
False
Is 1171 a factor of 41566707?
False
Is 13827912 a multiple of 12?
True
Is 40793840 a multiple of 24?
False
Does 116 divide 283968?
True
Is 63003315 a multiple of 18?
False
Is 11 a factor of 2990249?
False
Does 19 divide 6909842?
False
Does 257 divide 7974273?
False
Does 62 divide 3114423944?
False
Is 10 a factor of 47309670?
True
Is 2848495426 a multiple of 23?
False
Is 347838426 a multiple of 26?
True
Is 1319 a factor of 8829614?
False
Is 50849337 a multiple of 371?
False
Is 321664 a multiple of 122?
False
Is 7 a factor of 670186132?
True
Is 1767 a factor of 101994897?
False
Is 62630043 a multiple of 36?
False
Is 148 a factor of 92115667?
False
Is 83218047 a multiple of 137?
True
Is 152697207 a multiple of 1171?
False
Is 703 a factor of 2167642151?
True
Is 195276807 a multiple of 51?
True
Does 172 divide 39677132?
True
Is 468 a factor of 16135776?
False
Is 2280 a factor of 307154394?
False
Does 68 divide 445051772?
True
Is 340 a factor of 6241693820?
True
Does 126 divide 133298340?
False
Is 2338271056 a multiple of 188?
True
Is 876649 a multiple of 54?
False
Does 1931 divide 431619051?
True
Does 1506 divide 27767628?
True
Does 5022 divide 1387437984?
True
Is 551917180 a multiple of 949?
False
Is 2444402 a multiple of 202?
True
Is 9615099 a multiple of 28?
False
Is 17 a factor of 171747424?
False
Does 5 divide 65749510?
True
Does 2280 divide 758022480?
True
Is 16 a factor of 25549356?
False
Is 1415660076 a multiple of 16?
False
Is 26 a factor of 68007505?
False
Does 76 divide 612360?
False
Does 29 divide 656473?
True
Is 14 a factor of 72108176?
True
Is 123720163 a multiple of 26?
False
Is 2045320744 a multiple of 2251?
False
Is 1206 a factor of 168478068?
False
Does 20 divide 49815615?
False
Is 53 a factor of 1412238?
True
Does 17 divide 994779922?
True
Is 207 a factor of 128223039?
False
Is 98 a factor of 805994326?
False
Is 58196993 a multiple of 1101?
False
Does 3 divide 1378465506?
True
Does 2 divide 84360533?
False
Does 34 divide 35853725?
False
Is 78 a factor of 20029475?
False
Is 80783846 a multiple of 165?
False
Is 16377060 a multiple of 210?
True
Is 15115575 a multiple of 112?
False
Is 3 a factor of 3873302?
False
Is 121 a factor of 59084524?
False
Is 4610702944 a multiple of 76?
True
Does 609 divide 549386208?
True
Does 389 divide 7787780?
True
Is 151 a factor of 254069842?
False
Is 2650200 a multiple of 350?
True
Does 27 divide 59423043?
False
Is 314632769 a multiple of 12?
False
Is 2658090420 a multiple of 12036?
True
Is 1612 a factor of 196476619?
False
Is 60426663 a multiple of 89?
False
Does 1021 divide 179969267?
False
Is 5980525 a multiple of 365?
True
Is 6 a factor of 125504795?
False
Is 22 a factor of 56503647?
False
Does 358 divide 391244238?
True
Is 7509332 a multiple of 4?
True
Is 10617707 a multiple of 129?
False
Is 170933473 a multiple of 109?
True
Does 290 divide 33352534?
False
Is 70 a factor of 24989160?
True
Is 82882787 a multiple of 59?
True
Is 11557448 a multiple of 7?
True
Is 131820304 a multiple of 1988?
True
Is 36 a factor of 50378580?
True
Is 1157977530 a multiple of 136?
False
Is 88 a factor of 915631552?
True
Is 272951300 a multiple of 26?
False
Is 5373329 a multiple of 8?
False
Is 3 a factor of 399860724?
True
Is 66125511 a multiple of 259?
False
Is 3159 a factor of 230450954?
False
Is 670 a factor of 411599555?
False
Is 3813703310 a multiple of 3224?
False
Is 437 a factor of 988819004?
False
Does 59 divide 104821326?
False
Is 21549223 even?
False
Is 53 a factor of 28756979?
False
Is 23541777 a multiple of 3?
True
Is 2905655 a multiple of 2?
False
Is 770472 even?
True
Does 11 divide 16219440?
False
Is 471566011 a multiple of 684?
False
Is 19020060 a multiple of 765?
False
Is 385264242 a multiple of 33?
True
Is 136382568 a multiple of 408?
True
Is 31510730 a multiple of 79?
True
Is 22627803 a multiple of 57?
True
Is 535629635 a multiple of 227?
False
Is 117952718 a multiple of 18?
False
Does 132 divide 52582464?
True
Does 8 divide 74486692?
False
Does 145 divide 33085955?
True
Is 199 a factor of 3591201?
False
Is 1022 a factor of 56520055?
False
Is 795328118 a multiple of 51?
False
Is 906 a factor of 573220764?
True
Does 17 divide 55170814?
True
Does 26 divide 220986122?
False
Does 6404 divide 56656188?
True
Does 497 divide 10895589?
False
Does 111 divide 1474856223?
True
Is 11 a factor of 574828479?
False
Does 37 divide 127546363?
True
Does 1238 divide 104521864?
True
Does 3 divide 1496707340?
False
Does 607 divide 582243883?
False
Does 8 divide 1555144948?
False
Is 6969182 a multiple of 86?
True
Is 1383213082 a multiple of 598?
False
Does 19 divide 760468312?
True
Is 1209 a factor of 2449374759?
True
Does 17 divide 657939039?
False
Is 23929897 a multiple of 113?
True
Is 4637 a factor of 52629950?
True
Is 63 a factor of 182318598?
True
Is 2045 a factor of 215241294?
False
Does 33 divide 5354071?
False
Does 107 divide 502454773?
True
Is 292308656 a multiple of 7047?
False
Is 4209590 a multiple of 77?
True
Does 571 divide 67579497?
False
Is 93 a factor of 2305663440?
True
Is 380738850 a multiple of 479?
False
Is 17001429 a multiple of 499?
True
Is 1988790200 a multiple of 25?
True
Is 15 a factor of 408668113?
False
Is 279351065 a multiple of 65?
False
Is 29637285 a multiple of 37?
False
Is 613887754 a multiple of 1109?
False
Is 13639716 a multiple of 246?
True
Is 63508768 a multiple of 32?
True
Does 1020 divide 542215974?
False
Is 77333380 a multiple of 205?
T